+ 213. List the prime factors of n.
109
Suppose f - 3 = -0*f. Let o(a) = 2 + f + 2 - a + 0. What are the prime factors of o(0)?
7
Let k(t) = 8*t. What are the prime factors of k(16)?
2
Suppose -2*h = -2*b - 44, 3*b = -5*h + 3*h + 59. List the prime factors of h.
5
Suppose 9*r - 76 = 8*r. List the prime factors of r.
2, 19
Let u(f) = f**3 - 5*f**2 - 2*f + 2. Let d be u(5). Let o(b) = -5*b - 5. Let v be o(d). Suppose 5*h = 15 + v. What are the prime factors of h?
2, 5
Let r(t) = t - 12. Let o be r(12). Suppose g + 3*g - 48 = o. What are the prime factors of g?
2, 3
Let a(g) = g**3 - 11*g**2 - 10*g - 3. List the prime factors of a(12).
3, 7
Let z be (-594)/(-21) - (-6)/(-21). Suppose 8 = 4*l - z. Suppose l + 1 = 5*j. List the prime factors of j.
2
Let f be ((-1)/2 + 1)*-4. Suppose 2*r + 0 - 2 = -5*z, -z = -2*r + 2. Let m = z - f. List the prime factors of m.
2
Let w be -1 + 3 + 0/4. Suppose -49 = -2*u - 5*s, 3*s - 22 = -u - w*s. What are the prime factors of u?
3
Let a(r) = -r**2 + 16*r - 10. List the prime factors of a(7).
53
Let i be (-2)/7 - (-80)/35. Let w = 3 + i. Let p = 1 + w. List the prime factors of p.
2, 3
Let x(h) = -6 + h**2 + 0*h + 10*h - 2*h**2. List the prime factors of x(7).
3, 5
List the prime factors of (-1)/(8 + -10 + (-93)/(-47)).
47
Let k(h) = h - 10. Let i(s) = -3*s + 29. Let a(c) = -3*i(c) - 8*k(c). Let g be a(8). List the prime factors of 20 - (5 + -3 + g).
17
Suppose 0 = -2*o - 1 + 9. Suppose -o*q = -26 + 114. Let b = -8 - q. List the prime factors of b.
2, 7
Suppose 108 = 2*v - 3*n + 2*n, 144 = 3*v + 3*n. List the prime factors of v.
2, 13
Suppose 7 + 23 = 3*r. Let q = -6 + r. What are the prime factors of q?
2
Suppose 0 = 5*s - a - 260, 0 = 3*s + 5*a - 91 - 65. List the prime factors of s.
2, 13
Suppose 6*u = 11*u - 200. List the prime factors of u.
2, 5
Let p = -21 - -1. List the prime factors of (p/6)/(1/(-3)).
2, 5
Let i(u) = u + 11 - 2*u - 3 - 5. Let l be i(-12). Suppose 4*d - 13 = l. What are the prime factors of d?
7
Let m = -17 - -29. What are the prime factors of (18/m)/(1/4)?
2, 3
Let l(u) = u**2 - 3*u - 1. List the prime factors of l(-5).
3, 13
Let z = -195 - -303. List the prime factors of z.
2, 3
What are the prime factors of (18/15)/((-3)/(-20))?
2
Let u(h) = -h**2 + h - 3. Let n be u(4). Let y = 20 + -28. Let k = y - n. List the prime factors of k.
7
Let f = 15 + 108. List the prime factors of f.
3, 41
What are the prime factors of -32*(-3 - -5)/(-2)?
2
Suppose -4*s + 248 = 4*z, z = -4*z + 3*s + 350. List the prime factors of z.
67
Let h(v) = v - 6. Let c be h(5). Let k = 7 + c. Let d = k + 5. What are the prime factors of d?
11
Suppose -3 = -j - 47. Let o = -25 - j. List the prime factors of o.
19
Suppose -4*r - 91 = -5*s, 5*s + 2*r - 63 = -r. Suppose -4*x = -s - 81. Suppose x + 18 = 3*q. What are the prime factors of q?
2, 7
Let f(d) = d**2 - 5*d. Let i be f(6). Suppose -6 = 3*y, 4*b + 3*y - i = 12. Let k(a) = -a**2 + 10*a - 8. What are the prime factors of k(b)?
2
Let n be 2/5 + 24/(-10). Let l be n/(-7) - 282/(-42). Let v = 11 - l. List the prime factors of v.
2
Suppose 0 = 2*h + 4*u - 64, -2*h = -3*h - 3*u + 32. What are the prime factors of h?
2
Let w = 55 + -16. List the prime factors of w.
3, 13
Let g(t) be the third derivative of -t**4/24 + t**3/6 - t**2. Let n be g(-4). Suppose z - 14 = 2*f, -2*f - 2*f - 58 = -n*z. List the prime factors of z.
2, 5
Let z = -12 - -10. List the prime factors of z/5 - 82/(-5).
2
Let t = 17 - 13. List the prime factors of t*2*3/12.
2
Let r(p) = 7*p - 11. List the prime factors of r(8).
3, 5
Let x(u) = -u**3 - 6*u**2 - 5*u + 8. List the prime factors of x(-7).
2, 23
Let o = -307 + 449. What are the prime factors of o?
2, 71
Let b(m) = -m + 3. Let u = -9 + 16. Let v be b(u). Let q = v - -8. What are the prime factors of q?
2
Let d = -50 - -87. List the prime factors of d.
37
Let u(r) = -7*r - 14. List the prime factors of u(-6).
2, 7
Suppose -5*p + 8 = -p. Suppose 2*k = -2*f - 3*k + 13, p*f - k = -5. What are the prime factors of 2 + ((-3)/f)/1?
5
Let f = 32 + -30. Suppose -2*v = -4*v. Suppose 5*s - 4*r - 16 = -r, v = -s + f*r - 1. List the prime factors of s.
5
Suppose -h + 29 = -2*x, -2*x - 2*x = -3*h + 91. List the prime factors of h.
3, 11
Let b(f) = f**2 - 14*f - 5. List the prime factors of b(15).
2, 5
Let i(k) = k**3 - k. Let u(a) = -3*a**2 - 5*a + 6. Let d(f) = -i(f) - u(f). List the prime factors of d(4).
2
Suppose 4*m - 51 = 181. List the prime factors of m.
2, 29
Suppose 2*u + 4*d - 18 = 6*d, 0 = -5*u - 4*d + 72. List the prime factors of u.
2, 3
Let t = 5 + -3. Let j be 2/5 - 72/(-20). Suppose -t*c = -j*f + 3*c + 82, -4 = 2*c. What are the prime factors of f?
2, 3
List the prime factors of 1*245 - -1 - (6 - 2).
2, 11
Suppose 16 = 3*o - 5*c + 6, -3*o - 5*c = -50. List the prime factors of (-101)/(-9) - o/45.
11
Let h(q) = -4*q. Let a(i) = -2*i**3 - i**2 - i + 1. Let g be a(1). What are the prime factors of h(g)?
2, 3
Suppose 4*d + u = 53 + 5, -5*d = -4*u - 83. Let p = 32 - d. List the prime factors of p.
17
Suppose 4*k = r + 233 + 196, 3*k - 325 = 4*r. List the prime factors of k.
107
Suppose -2*a = -3*m - 4, -a + 2 = 5*m - 0. Suppose -4*j + 7 = -2*d + 3, -2*j + 4 = m. What are the prime factors of d?
2
Suppose -2*o - 31 = 5*z, 0*z - z - 20 = 5*o. Let i = z + 2. What are the prime factors of 2/i - 68/(-12)?
5
Let u(y) = -y**3 + 6*y**2 - 3*y + 1. Let l be -3*1 - (-10 + 1). Suppose 4*o - 20 = -4*z + 2*z, -l = -2*o + z. What are the prime factors of u(o)?
3, 7
Let f be ((-6)/(-4))/(15/190). Suppose 5*r + f = g + 71, 26 = 3*r + 2*g. List the prime factors of r.
2, 5
Let g(s) = s**3 - 11*s**2 + 27. List the prime factors of g(11).
3
What are the prime factors of 1/2*(2 + 2)?
2
Suppose q = -q. Let r = 3 - q. Suppose -27 = w - 5*w + 3*m, -4*w - 3 = r*m. What are the prime factors of w?
3
Let a = -112 - -372. List the prime factors of a.
2, 5, 13
Let c be 8/(-14)*21/(-6). Suppose -c*f = 3*f. Suppose f = -2*g - 2*g + 36. What are the prime factors of g?
3
Let y(r) = -3*r - 1. Let j be y(-2). Suppose 48 = 4*p + 4*q, p + p = -j*q + 39. Suppose 2*s - 17 = p. List the prime factors of s.
2, 3
Suppose o + 3 = 5*d + 4*o, 4*d + 3*o = 0. Let u(r) = -r + 6*r**2 + r + 7 + r**d. What are the prime factors of u(-6)?
7
Let z = -7 + 9. Suppose -d - z*d + 81 = 0. List the prime factors of d.
3
Let m(k) = -k**3 - 7*k**2 + 2*k + 7. Let t be m(-7). Let j = -4 - t. Suppose 2*a + 8 = s + 6*a, 0 = -j*s - 5*a + 31. List the prime factors of s.
2, 3
Suppose 2 = -2*d, 0 = t + 2*d - 3*d - 1. Let k = t - -14. List the prime factors of k.
2, 7
Let x(q) = -q + 13. What are the prime factors of x(6)?
7
Let u(y) = -y + 10. Suppose -z - 3 - 5 = 0. Let n be u(z). Suppose -3*p + 2 = 3*d + d, -5*p + n = 3*d. List the prime factors of p.
2, 3
Suppose -3*s = -12 - 681. List the prime factors of s.
3, 7, 11
Let z = 5 + -5. Let h be 2/((-2)/(-40) + z). Suppose -s + h = 3*s. What are the prime factors of s?
2, 5
List the prime factors of -12*-4*(-3)/(-9).
2
Let p be (-5 + 4)/(2/18). List the prime factors of (-3)/p*210/7.
2, 5
Let x(j) = -34*j - 32. List the prime factors of x(-5).
2, 3, 23
Let t be ((-4)/12)/(3/(-18)). Suppose t*c + c = -6, -i - 2*c = 1. List the prime factors of i.
3
Let z(d) = -d**3 + 8*d**2 - 6*d + 2. Let f(a) = a**2 - 4*a. Let k be f(7). Let m be 153/k - (-2)/(-7). List the prime factors of z(m).
3
Let q(y) = -4*y + 6. List the prime factors of q(-10).
2, 23
Suppose 0 = 5*s + 2*q - 20, -4*q = -3*s - 0 + 12. List the prime factors of s.
2
Suppose -5*x + 10 = 0, 0 = -h + 3*x - 4. Let z = 5 - h. Suppose -8 + 1 = -z*w + g, 19 = 5*w + 2*g. What are the prime factors of w?
3
Let d(m) = -m - 1. Let v be d(12). Let a = -2 - v. List the prime factors of a.
11
Let n(u) = 5*u**3 + 3*u**2 + 5*u + 2. Let g(k) = 11*k**3 + 6*k**2 + 10*k + 4. Let i(z) = 4*g(z) - 9*n(z). List the prime factors of i(-3).
13
Let o(u) be the third derivative of -1/8*u**4 + 1/60*u**5 + 4*u**2 + 0*u + 0 + 1/2*u**3 + 1/120*u**6. What are the prime factors of o(2)?
3
Let h = 5 + -10. Let g be 309/15 + (-2)/h. Let v = g - 9. List the prime factors of v.
2, 3
Suppose -5*v - 11 = 2*r - 0, -r - 4*v - 10 = 0. Let g = r + 1. Suppose -6*p + 33 = -g*p. What are the prime factors of p?
11
List the prime factors of ((-2)/3)/((-